base 8, what is 256 + 721717?
722175
In base 11, what is 7454770 + 12?
7454782
In base 6, what is -113 - 1420403?
-1420520
In base 2, what is 10 + 1110100001110101100101?
1110100001110101100111
In base 11, what is 2a3 + -1545a?
-15167
In base 2, what is 10 + 10001000110001100111100?
10001000110001100111110
In base 10, what is -42 + 95905?
95863
In base 16, what is 20394 - -770?
20b04
In base 2, what is -11011100011 - 111000001111011?
-111011101011110
In base 13, what is 5 - -27bc03?
27bc08
In base 7, what is 1336 - 444366?
-443030
In base 5, what is 30430220 + -102042?
30323123
In base 5, what is -3241221030 + -11?
-3241221041
In base 11, what is -4316897 + -2?
-4316899
In base 14, what is 774aa5 - -123?
774bc8
In base 5, what is 204033012 + 42?
204033104
In base 5, what is -2 + -1140442130?
-1140442132
In base 14, what is -5 - 4d4d425?
-4d4d42a
In base 14, what is 5 - 4746074?
-474606d
In base 6, what is 0 + 443003?
443003
In base 13, what is 14a79 + -3c?
14a3a
In base 11, what is -1a7 - 61986?
-62082
In base 12, what is 69a52b7 - -4?
69a52bb
In base 8, what is 16 - 31146?
-31130
In base 4, what is -3 + -312110303233?
-312110303302
In base 6, what is 13241103 + 25230?
13310333
In base 4, what is 212221220103 - -11?
212221220120
In base 6, what is -3554115304 + -5?
-3554115313
In base 15, what is 1e98eb - -5?
1e9901
In base 11, what is -1691a7 - 293?
-16948a
In base 16, what is 6 + 6ab7cb?
6ab7d1
In base 13, what is -5b0 + -3699?
-3c79
In base 10, what is -656923 + -2?
-656925
In base 7, what is -11061621251 + 4?
-11061621244
In base 8, what is -10 - 22540727?
-22540737
In base 5, what is -1214 + -1344341334?
-1344343103
In base 5, what is 23340 + -1142?
22143
In base 16, what is f + 1d250d?
1d251c
In base 10, what is 193627 - 1213?
192414
In base 5, what is -21 - -2322304203?
2322304132
In base 8, what is 104266036 + 5?
104266043
In base 6, what is -25432 + -304325?
-334201
In base 6, what is 2032135 + -251?
2031444
In base 13, what is -788c - b5?
-7974
In base 2, what is 10101 + 1111110010011011101?
1111110010011110010
In base 7, what is 124625 - -20025?
144653
In base 5, what is 4111141302 - -102?
4111141404
In base 15, what is 16 - -8e476?
8e48c
In base 3, what is 120101 - 222101000?
-221210122
In base 13, what is b + -305112?
-305104
In base 13, what is -3a424 - 13?
-3a437
In base 11, what is 401a4843 + -5?
401a4839
In base 8, what is -220315 - 6673?
-227210
In base 2, what is 1011001100 - -1100000111101?
1101100001001
In base 4, what is -11113023 + 32212221?
21033132
In base 4, what is 3330 - 1223221?
-1213231
In base 16, what is e303474 - -2?
e303476
In base 3, what is -2202202 + 10012011?
102102
In base 2, what is 100111 + 10001100011000011111011?
10001100011000100100010
In base 13, what is 2 + -609bac?
-609baa
In base 3, what is 222212110221121 + 1?
222212110221122
In base 3, what is -1110102111120 + -1122221?
-1110111011111
In base 10, what is -8734 + 5319?
-3415
In base 15, what is -4 + 3cb5a3?
3cb59e
In base 8, what is 6041 - -12171?
20232
In base 10, what is 2065 - 96870?
-94805
In base 14, what is 174cca7 + 1?
174cca8
In base 7, what is -141 - -431303?
431132
In base 12, what is -5 + -463810?
-463815
In base 8, what is 264106 + -132?
263754
In base 3, what is -11020011 - -1202011000?
1120220212
In base 12, what is 2 + 32395a6?
32395a8
In base 8, what is 765244 - 1753?
763271
In base 9, what is 728546 + 24?
728571
In base 6, what is 10044 - 241350?
-231302
In base 9, what is 384 - -64544?
65038
In base 16, what is a79b - 912?
9e89
In base 6, what is 2 + -550243240?
-550243234
In base 2, what is -10000110111011001 + -11111111001?
-10001010111010010
In base 11, what is 1507 - 352?
1165
In base 16, what is e1f26eb - 5?
e1f26e6
In base 14, what is -2 + -995931?
-995933
In base 9, what is -1604645 + 7?
-1604637
In base 12, what is -501 + -2b203?
-2b704
In base 5, what is 432 - -10000430433?
10000431420
In base 15, what is 1e17c1 + 2c?
1e17ed
In base 14, what is 478 - 42ab?
-3c33
In base 3, what is 1101021021202 - 2?
1101021021200
In base 16, what is 2 - -bfaf9c?
bfaf9e
In base 3, what is 20 + -2000021222021212?
-2000021222021122
In base 14, what is 2 - -b3505a?
b3505c
In base 2, what is 0 + -1100001100010111111111?
-1100001100010111111111
In base 6, what is -3451 - 140411?
-144302
In base 15, what is 1 - 1dae6a?
-1dae69
In base 3, what is -200120200002200 - 20?
-200120200002220
In base 8, what is -222 - -111362?
111140
In base 4, what is 23222031 - 1102?
23220323
In base 5, what is 11 + 10324003?
10324014
In base 8, what is 3030 + -4155?
-1125
In base 15, what is 6a154 - -130?
6a284
In base 2, what is 1010001000 + -1000000011001?
-110110010001
In base 12, what is -17b + 25190?
25011
In base 12, what is b9a + 3a99?
4a77
In base 14, what is -5 - -cab735?
cab730
In base 11, what is 10603997 - 16?
10603981
In base 12, what is 2485a + 41?
2489b
In base 2, what is 1000000111101100110111011010 - 100?
1000000111101100110111010110
In base 7, what is 562233 - -102?
562335
In base 2, what is -110011110011001 + 100011000?
-110011010000001
In base 10, what is -1576 - -165?
-1411
In base 11, what is -2270a9 - -596?
-226613
In base 7, what is -4444655 - -15?
-4444640
In base 10, what is 8 - -2568320?
2568328
In base 16, what is 6 + -7c0b0b0?
-7c0b0aa
In base 8, what is -7024 + 16725?
7701
In base 7, what is 1022166 + -162?
1022004
In base 13, what is a82ac + -6c9?
a78b3
In base 14, what is a9a - -1612?
22ac
In base 9, what is 2274 + -101345?
-88061
In base 7, what is 130504343 - 2?
130504341
In base 7, what is -6256205660 - 1?
-6256205661
In base 10, what is 5 + 19165286?
19165291
In base 12, what is 324 + 161?
485
In base 7, what is 13 + -5605621?
-5605605
In base 8, what is 221124 - -3610?
224734
In base 3, what is 11 - 2002100210222?
-2002100210211
In base 7, what is 405360360 - 5?
405360352
In base 11, what is 139073 + -6a9?
138475
In base 5, what is 30 + -110132110?
-110132030
In base 16, what is -1da9a23d - 0?
-1da9a23d
In base 12, what is 706 - 3542?
-2a38
In base 8, what is 15403055 - 15?
15403040
In base 11, what is -271a + 17a81?
15362
In base 10, what is -4564 + 5505?
941
In base 14, what is -2 + 8837409?
8837407
In base 3, what is 20212 + -101102201010?
-101102110021
In base 11, what is 1 - -45a26723?
45a26724
In base 3, what is 20011121222200022 + -110?
20011121222122212
In base 16, what is ac5 - 93f?
186
In base 10, what is -21474331 + 8?
-21474323
In base 15, what is 7 + -2bc46b4?
-2bc46ac
In base 2, what is -111011100110 - 101100001100110?
-110011101001100
In base 8, what is -10164015 - -160?
-10163635
In base 2, what is -1011000100011011 + -10110000000?
-1011011010011011
In base 14, what is -2a4c51 + 0?
-2a4c51
In base 12, what is 3b + -30a90?
-30a51
In base 9, what is -2430185 + 217?
-2428867
In base 5, what is 344113004 + 131?
344113140
In base 4, what is 13 + 133103230130?
133103230203
In base 10, what is -651 - 43?
-694
In base 4, what is 0 - -10120003211022?
10120003211022
In base 12, what is 3 - 576a03?
-576a00
In base 2, what is -1001101010010000110001110110 - -1?
-1001101010010000110001110101
In base 7, what is -3 - 5031115?
-5031121
In base 9, what is -6365781 + 50?
-6365731
In base 9, what is -634861 + -2833?
-637804
In base 2, what is 100101 + -11101011101100100101?
-11101011101100000000
In base 3, what is 1 - 2202221201?
-2202221200
In base 13, what is -3aca8c7 - 44?
-3aca93b
In base 6, what is -2 - -1510530134?
1510530132
In base 12, what is -655093 + 3?
-655090
In base 9, what is -2672 + -15074?
-17756
In base 9, what is -12244 - 38621?
-51865
In base 12, what is a + 1403a153?
1403a161
In base 15, what is 1d + 1aa97?
1aab5
In base 5, what is 142 + 1344133343?
1344134040
In base 5, what is -2 + -121320222140?
-121320222142
In base 11, what is 4 + -337973?
-33796a
In base 6, what is 155 + 1522321?
1522520
In base 5, what is -133130433203 - -2?
-133130433201
In base 15, what is -2b0e470 - -d?
-2b0e462
In base 9, what is 1 + 16312614?
16312615
In base 6, what is 104053151521 + 4?
104053151525
In base 6, what is -430031135 - -25?
-430031110
In base 10, what is 25 + 4143624?
4143649
In base 16, what is -9631 - 44?
-9675
In base 14, what is 118 - -3a2b6b?
3a2c85
In base 5, what is 311 + -243100110?
-243044244
In base 5, w